3409007?
3, 89, 50221
What are the prime factors of 757018?
2, 378509
What are the prime factors of 1788248?
2, 7, 11, 2903
What are the prime factors of 20594251?
137, 150323
List the prime factors of 2838710.
2, 5, 7, 107, 379
List the prime factors of 64537.
11, 5867
What are the prime factors of 4702468?
2, 1175617
What are the prime factors of 26726000?
2, 5, 7, 23, 83
What are the prime factors of 1605219?
3, 7, 11, 6949
What are the prime factors of 767987?
11, 577
List the prime factors of 283325.
5, 7, 1619
What are the prime factors of 511771?
13, 39367
List the prime factors of 210247.
210247
List the prime factors of 4326780.
2, 3, 5, 37, 1949
What are the prime factors of 865137?
3, 7, 13, 3169
What are the prime factors of 4228372?
2, 1057093
What are the prime factors of 12181998?
2, 3, 821, 2473
List the prime factors of 7608767.
2339, 3253
List the prime factors of 1922126.
2, 961063
List the prime factors of 23727840.
2, 3, 5, 49433
What are the prime factors of 1191050?
2, 5, 7, 41, 83
What are the prime factors of 532297?
43, 12379
What are the prime factors of 1343588?
2, 335897
List the prime factors of 194952.
2, 3, 8123
What are the prime factors of 196824?
2, 3, 59, 139
List the prime factors of 290618.
2, 331, 439
List the prime factors of 342787.
373, 919
What are the prime factors of 622023?
3, 207341
List the prime factors of 563981.
11, 59, 79
List the prime factors of 138896.
2, 8681
List the prime factors of 9082608.
2, 3, 19, 23, 433
List the prime factors of 927963.
3, 34369
List the prime factors of 2530451.
7, 11, 59, 557
What are the prime factors of 4221386?
2, 13, 229, 709
What are the prime factors of 4431809?
29, 152821
What are the prime factors of 12225938?
2, 6112969
List the prime factors of 58990.
2, 5, 17, 347
List the prime factors of 852111.
3, 13, 7283
List the prime factors of 168126.
2, 3, 7, 4003
List the prime factors of 346168.
2, 43271
What are the prime factors of 1947443?
19, 102497
What are the prime factors of 12402357?
3, 11, 233, 1613
What are the prime factors of 917322?
2, 3, 7, 21841
List the prime factors of 785085.
3, 5, 7, 7477
List the prime factors of 113905.
5, 11, 19, 109
List the prime factors of 10384875.
3, 5, 17, 181
What are the prime factors of 165950?
2, 5, 3319
What are the prime factors of 970016?
2, 30313
What are the prime factors of 940076?
2, 199, 1181
What are the prime factors of 1821163?
23, 79181
List the prime factors of 37141198.
2, 107, 197, 881
What are the prime factors of 1074921?
3, 59, 6073
What are the prime factors of 144401?
197, 733
What are the prime factors of 418926?
2, 3, 69821
List the prime factors of 12114518.
2, 13, 29, 16067
List the prime factors of 4294188.
2, 3, 39761
What are the prime factors of 697660?
2, 5, 34883
List the prime factors of 387839.
387839
List the prime factors of 20222900.
2, 5, 43, 4703
List the prime factors of 6260636.
2, 29, 31, 1741
List the prime factors of 12770802.
2, 3, 11, 64499
What are the prime factors of 258675?
3, 5, 3449
List the prime factors of 5244047.
37, 141731
List the prime factors of 303473.
303473
What are the prime factors of 475039?
53, 8963
What are the prime factors of 17777?
29, 613
List the prime factors of 258916.
2, 7, 1321
List the prime factors of 1093606.
2, 463, 1181
What are the prime factors of 1192478?
2, 7, 19, 4483
What are the prime factors of 4773919?
1867, 2557
List the prime factors of 181500.
2, 3, 5, 11
List the prime factors of 2600099.
17, 152947
What are the prime factors of 2110678?
2, 29, 151, 241
List the prime factors of 5846634.
2, 3, 108271
List the prime factors of 219627.
3, 23, 1061
What are the prime factors of 4258245?
3, 5, 17, 16699
List the prime factors of 116085.
3, 5, 71, 109
List the prime factors of 1964869.
53, 131, 283
List the prime factors of 392453.
601, 653
What are the prime factors of 242762?
2, 13, 9337
List the prime factors of 221143.
13, 17011
List the prime factors of 5515915.
5, 1103183
List the prime factors of 1208393.
41, 29473
What are the prime factors of 212577?
3, 59, 1201
List the prime factors of 2256211.
31, 73, 997
List the prime factors of 197415.
3, 5, 41, 107
List the prime factors of 24470493.
3, 239, 34129
List the prime factors of 6916798.
2, 7, 19, 26003
List the prime factors of 4883616.
2, 3, 31, 547
What are the prime factors of 8880456?
2, 3, 13, 28463
What are the prime factors of 2565226?
2, 1282613
List the prime factors of 17975785.
5, 61, 58937
What are the prime factors of 6110142?
2, 3, 1018357
List the prime factors of 9096754.
2, 103, 44159
List the prime factors of 1060887.
3, 353629
What are the prime factors of 108708?
2, 3, 9059
What are the prime factors of 355077?
3, 13151
List the prime factors of 71250.
2, 3, 5, 19
What are the prime factors of 2220808?
2, 277601
List the prime factors of 8320750.
2, 5, 83, 401
List the prime factors of 1571938.
2, 137, 5737
List the prime factors of 173344.
2, 5417
List the prime factors of 3371534.
2, 1685767
List the prime factors of 146741.
7, 20963
List the prime factors of 1303249.
23, 56663
What are the prime factors of 7451312?
2, 11, 42337
What are the prime factors of 806107?
806107
List the prime factors of 2326813.
2326813
List the prime factors of 2212824.
2, 3, 137, 673
What are the prime factors of 3916380?
2, 3, 5, 13, 5021
What are the prime factors of 259081?
509
List the prime factors of 484050.
2, 3, 5, 7, 461
List the prime factors of 210486.
2, 3, 35081
List the prime factors of 32480.
2, 5, 7, 29
What are the prime factors of 275886?
2, 3, 13, 131
What are the prime factors of 49475?
5, 1979
What are the prime factors of 4681264?
2, 7, 853
What are the prime factors of 5785525?
5, 17, 13613
List the prime factors of 13385066.
2, 29, 89, 2593
What are the prime factors of 291662?
2, 7, 83, 251
What are the prime factors of 537772?
2, 134443
What are the prime factors of 779350?
2, 5, 11, 13, 109
List the prime factors of 830703.
3, 276901
List the prime factors of 6954589.
19, 366031
List the prime factors of 12043978.
2, 73, 82493
What are the prime factors of 494478?
2, 3, 9157
List the prime factors of 1044927.
3, 13, 229
What are the prime factors of 12721486?
2, 6360743
List the prime factors of 4721060.
2, 5, 236053
What are the prime factors of 4068644?
2, 17, 59833
What are the prime factors of 978346?
2, 73, 6701
List the prime factors of 5584815.
3, 5, 41, 1009
What are the prime factors of 11904796?
2, 2976199
What are the prime factors of 2011375?
5, 16091
List the prime factors of 29730.
2, 3, 5, 991
What are the prime factors of 6747267?
3, 2249089
What are the prime factors of 4435027?
677, 6551
What are the prime factors of 38181401?
38181401
List the prime factors of 423581.
423581
What are the prime factors of 6393588?
2, 3, 677, 787
What are the prime factors of 17304?
2, 3, 7, 103
List the prime factors of 544694.
2, 272347
List the prime factors of 1342968.
2, 3, 11, 5087
List the prime factors of 1536178.
2, 7, 179, 613
List the prime factors of 59605.
5, 7, 13, 131
What are the prime factors of 26397515?
5, 17, 310559
What are the prime factors of 579016?
2, 157, 461
List the prime factors of 186435.
3, 5, 1381
What are the prime factors of 218879?
47, 4657
List the prime factors of 1498915.
5, 11, 27253
What are the prime factors of 120360?
2, 3, 5, 17, 59
What are the prime factors of 369472?
2, 23, 251
List the prime factors of 11711440.
2, 5, 13, 11261
What are the prime factors of 254011?
19, 29, 461
List the prime factors of 5718646.
2, 37, 77279
What are the prime factors of 589986?
2, 3, 73, 449
What are the prime factors of 2873619?
3, 7, 45613
List the prime factors of 1828884.
2, 3, 152407
What are the prime factors of 495218?
2, 247609
List the prime factors of 226247.
7, 32321
What are the prime factors of 1825274?
2, 11, 163, 509
What are the prime factors of 95689?
11, 8699
List the prime factors of 192712.
2, 13, 17, 109
What are the prime factors of 2417953?
79, 127, 241
List the prime factors of 2389313.
2389313
List the prime factors of 22783737.
3, 181, 41959
What are the prime factors of 15555263?
15555263
List the prime factors of 35916223.
7, 17, 43, 7019
What are the prime factors of 40